?
8
What is the hundreds digit of 512595?
5
What is the hundreds digit of 648161?
1
What is the units digit of 73055?
5
What is the thousands digit of 40569827?
9
What is the hundred thousands digit of 5525849?
5
What is the ten millions digit of 21742211?
2
What is the millions digit of 1655097?
1
What is the thousands digit of 1756980?
6
What is the hundreds digit of 9579845?
8
What is the thousands digit of 508295?
8
What is the units digit of 37705244?
4
What is the units digit of 1165410?
0
What is the hundred thousands digit of 1886315?
8
What is the hundreds digit of 390206?
2
What is the thousands digit of 98040?
8
What is the units digit of 844831?
1
What is the units digit of 339290?
0
What is the ten thousands digit of 1201686?
0
What is the hundreds digit of 77775?
7
What is the hundreds digit of 700278?
2
What is the units digit of 4729445?
5
What is the ten thousands digit of 259372?
5
What is the hundreds digit of 797788?
7
What is the hundreds digit of 194527?
5
What is the millions digit of 26616796?
6
What is the thousands digit of 4636235?
6
What is the hundreds digit of 384410?
4
What is the tens digit of 6156296?
9
What is the thousands digit of 2519774?
9
What is the millions digit of 3810468?
3
What is the hundred thousands digit of 921649?
9
What is the tens digit of 2136392?
9
What is the ten thousands digit of 2098287?
9
What is the tens digit of 259216?
1
What is the hundred thousands digit of 4547342?
5
What is the ten thousands digit of 13000998?
0
What is the thousands digit of 278088?
8
What is the tens digit of 15440130?
3
What is the hundred thousands digit of 524439?
5
What is the hundreds digit of 5032302?
3
What is the thousands digit of 6308043?
8
What is the units digit of 2797708?
8
What is the units digit of 194832?
2
What is the tens digit of 569392?
9
What is the millions digit of 40163912?
0
What is the thousands digit of 19783816?
3
What is the units digit of 470693?
3
What is the thousands digit of 67473?
7
What is the thousands digit of 31162?
1
What is the ten thousands digit of 1742958?
4
What is the hundreds digit of 6998705?
7
What is the tens digit of 363519?
1
What is the hundred thousands digit of 522716?
5
What is the hundreds digit of 6237938?
9
What is the tens digit of 233383?
8
What is the thousands digit of 4729401?
9
What is the hundreds digit of 46206?
2
What is the hundreds digit of 97788?
7
What is the ten thousands digit of 2515587?
1
What is the units digit of 4826235?
5
What is the thousands digit of 1634049?
4
What is the thousands digit of 136894?
6
What is the tens digit of 6609196?
9
What is the hundreds digit of 276895?
8
What is the millions digit of 2806679?
2
What is the thousands digit of 416912?
6
What is the units digit of 19940433?
3
What is the ten thousands digit of 2087726?
8
What is the hundred thousands digit of 138724?
1
What is the hundreds digit of 313203?
2
What is the thousands digit of 60835?
0
What is the hundreds digit of 3798802?
8
What is the hundreds digit of 752715?
7
What is the tens digit of 13489277?
7
What is the ten thousands digit of 1163453?
6
What is the units digit of 464620?
0
What is the units digit of 5605629?
9
What is the hundred thousands digit of 15106068?
1
What is the units digit of 33752?
2
What is the ten thousands digit of 26678893?
7
What is the thousands digit of 141526?
1
What is the ten thousands digit of 165495?
6
What is the hundreds digit of 201774?
7
What is the thousands digit of 52045?
2
What is the hundreds digit of 359384?
3
What is the ten thousands digit of 1064383?
6
What is the hundreds digit of 979?
9
What is the hundred thousands digit of 196005?
1
What is the tens digit of 1348663?
6
What is the millions digit of 4112811?
4
What is the hundred thousands digit of 144558?
1
What is the hundreds digit of 471011?
0
What is the hundreds digit of 12924091?
0
What is the hundreds digit of 1024055?
0
What is the ten millions digit of 12098337?
1
What is the units digit of 63053?
3
What is the units digit of 536793?
3
What is the tens digit of 423951?
5
What is the hundred thousands digit of 4387009?
3
What is the thousands digit of 128310?
8
What is the tens digit of 10335288?
8
What is the ten thousands digit of 4273975?
7
What is the tens digit of 16302286?
8
What is the ten thousands digit of 5699012?
9
What is the hundred thousands digit of 25344244?
3
What is the hundreds digit of 4677829?
8
What is the ten thousands digit of 4369432?
6
What is the tens digit of 1736625?
2
What is the thousands digit of 3794993?
4
What is the ten thousands digit of 206841?
0
What is the thousands digit of 11143585?
3
What is the hundred thousands digit of 1223350?
2
What is the hundreds digit of 660728?
7
What is the thousands digit of 261651?
1
What is the hundreds digit of 440062?
0
What is the tens digit of 6150?
5
What is the ten thousands digit of 3411357?
1
What is the ten thousands digit of 3556810?
5
What is the ten thousands digit of 54013?
5
What is the tens digit of 2814441?
4
What is the units digit of 432673?
3
What is the thousands digit of 29865077?
5
What is the thousands digit of 692514?
2
What is the ten thousands digit of 1245285?
4
What is the thousands digit of 40138?
0
What is the hundreds digit of 3202079?
0
What is the hundred thousands digit of 1437682?
4
What is the thousands digit of 375404?
5
What is the ten thousands digit of 286230?
8
What is the hundreds digit of 465956?
9
What is the hundred thousands digit of 4435476?
4
What is the units digit of 4222468?
8
What is the millions digit of 1012275?
1
What is the hundreds digit of 15145736?
7
What is the hundreds digit of 139216?
2
What is the millions digit of 3283691?
3
What is the hundreds digit of 467515?
5
What is the millions digit of 12029639?
2
What is the units digit of 45134?
4
What is the units digit of 1234444?
4
What is the tens digit of 4983503?
0
What is the hundreds digit of 183297?
2
What is the millions digit of 12895479?
2
What is the units digit of 8277963?
3
What is the millions digit of 2488266?
2
What is the ten thousands digit of 162587?
6
What is the thousands digit of 3509476?
9
What is the thousands digit of 185618?
5
What is the thousands digit of 222451?
2
What is the units digit of 4073970?
0
What is the units digit of 4788203?
3
What is the thousands digit of 5562749?
2
What is the thousands digit of 717910?
7
What is the ten thousands digit of 5166685?
6
What is the hundred thousands digit of 449846?
4
What is the millions digit of 9240116?
9
What is the millions digit of 1106240?
1
What is the thousands digit of 299608?
9
What is the thousands digit of 156474?
6
What is the thousands digit of 295795?
5
What is the ten thousands digit of 308192?
0
What is the ten thousands digit of 21396204?
9
What is the hundreds digit of 7470763?
7
What is the tens digit of 391309?
0
What is the ten thousands digit of 112169?
1
What is the tens digit of 521063?
6
What is the hundreds digit of 368386?
3
What is the units digit of 3978447?
7
What is the units digit of 8253117?
7
What is the ten thousands digit of 8565301?
6
What is the thousands digit of 1247895?
7
What is the thousands digit of 388904?
8
What is the tens digit of 8419606?
0
What is the units digit of 21193359?
9
What is the hundreds digit of 330784?
7
What is the units digit of 7061713?
3
What is the millions digit of 1120520?
1
What is the hundreds digit of 497453?
4
What is the hundred thousands digit of 3122752?
1
What is the hundreds digit of 1828353?
3
What is the units digit of 2039738?
8
What is the thousands digit of 460524?
0
What is the units digit of 916157?
7
What is the thousands digit of 1516582?
6
What is the tens digit of 2855483?
8
What is the units digit of 943224?
4
What is the hundreds digit of 880604?
6
What is the millions digit of 15330326?
5
What is the hundreds digit of 16021957?
9
What is the hundred thousands digit of 1408041?
4
What is the ten thousands digit of 667059?
6
What is the ten thousands digit of 16429648?
2
What is the tens digit of 957621?
2
What is the ten millions digit of 29569003?
2
What is the units digit of 451861?
1
What is the hundred thousands digit of 337373?
3
What is the units digit of 365034?
4
What is the tens d